{"id":2,"date":"2018-11-08T12:28:44","date_gmt":"2018-11-08T11:28:44","guid":{"rendered":"http:\/\/www.gabriella5.ch\/?page_id=2"},"modified":"2019-01-05T03:56:14","modified_gmt":"2019-01-05T06:56:14","slug":"page-d-exemple","status":"publish","type":"page","link":"https:\/\/gabriella5.ch\/index.php\/page-d-exemple\/","title":{"rendered":"\u00e0 propos"},"content":{"rendered":"<p>La vie nous emm\u00e8ne sur des chemins sinueux, parfois douloureux, parfois qui font peur. Alors \u00e9merge un nouvel \u00e9tat d&rsquo;esprit, un autre angle de vue. Des barri\u00e8res tombent, des r\u00eaves ressurgissent.<\/p>\n<p>Il ne m&rsquo;en a pas fallu plus pour mettre en place ce projet de partir ailleurs pendant plusieurs mois avec presque tous mes enfants. Apr\u00e8s r\u00e9flexions avec les filles, la destination du Br\u00e9sil s&rsquo;est impos\u00e9e, car elle r\u00e9pond \u00e0 nos d\u00e9sirs :<\/p>\n<ul>\n<li>ouvrir notre esprit<\/li>\n<li>acqu\u00e9rir une nouvelle langue<\/li>\n<li>vivre dans une culture diff\u00e9rente<\/li>\n<li>avoir chaud toute l&rsquo;ann\u00e9e<\/li>\n<li>laisser l&rsquo;aventure nous surprendre<\/li>\n<\/ul>\n<p>Et puis j&rsquo;en ai parl\u00e9 autour de moi. Certains ce sont dit que ce serait encore une id\u00e9e qui ne verrait pas le jour. Mes enfants et moi-m\u00eame en avons aussi dout\u00e9.<\/p>\n<p>Mais le r\u00eave \u00e9tait trop beau et nous avons fait le n\u00e9cessaire pour qu&rsquo;il se r\u00e9alise. Un peu de courage (ou d&rsquo;inconscience&#8230; l&rsquo;avenir nous le dira) et d&rsquo;imagination ont fait le reste.<\/p>\n<p>A la date du d\u00e9part, les filles sont d\u00e9sinscrites de l&rsquo;\u00e9cole en France. Elles ont<\/p>\n<ul>\n<li>Nina : 8 ans (devait entrer en CM2)<\/li>\n<li>Tamara : 13 ans (devait entrer en 4\u00e8me)<\/li>\n<li>Elena : 14 ans (devait entrer en 3\u00e8me)<\/li>\n<li>Carla : 16 ans (devait entrer en 1\u00e8re)<\/li>\n<\/ul>\n","protected":false},"excerpt":{"rendered":"<p>La vie nous emm\u00e8ne sur des chemins sinueux, parfois douloureux, parfois qui font peur. Alors \u00e9merge un nouvel \u00e9tat d&rsquo;esprit, un autre angle de vue&#8230;.<\/p>\n","protected":false},"author":1,"featured_media":0,"parent":0,"menu_order":0,"comment_status":"closed","ping_status":"open","template":"template-no-footer.php","meta":{"_monsterinsights_skip_tracking":false,"_monsterinsights_sitenote_active":false,"_monsterinsights_sitenote_note":"","_monsterinsights_sitenote_category":0,"footnotes":""},"class_list":["post-2","page","type-page","status-publish"],"_links":{"self":[{"href":"https:\/\/gabriella5.ch\/index.php\/wp-json\/wp\/v2\/pages\/2","targetHints":{"allow":["GET"]}}],"collection":[{"href":"https:\/\/gabriella5.ch\/index.php\/wp-json\/wp\/v2\/pages"}],"about":[{"href":"https:\/\/gabriella5.ch\/index.php\/wp-json\/wp\/v2\/types\/page"}],"author":[{"embeddable":true,"href":"https:\/\/gabriella5.ch\/index.php\/wp-json\/wp\/v2\/users\/1"}],"replies":[{"embeddable":true,"href":"https:\/\/gabriella5.ch\/index.php\/wp-json\/wp\/v2\/comments?post=2"}],"version-history":[{"count":3,"href":"https:\/\/gabriella5.ch\/index.php\/wp-json\/wp\/v2\/pages\/2\/revisions"}],"predecessor-version":[{"id":6006,"href":"https:\/\/gabriella5.ch\/index.php\/wp-json\/wp\/v2\/pages\/2\/revisions\/6006"}],"wp:attachment":[{"href":"https:\/\/gabriella5.ch\/index.php\/wp-json\/wp\/v2\/media?parent=2"}],"curies":[{"name":"wp","href":"https:\/\/api.w.org\/{rel}","templated":true}]}}